 of 1778808032?
0
What is the units digit of 3116214?
4
What is the thousands digit of 3907666001?
6
What is the hundred millions digit of 7092824192?
0
What is the millions digit of 212426025?
2
What is the hundred thousands digit of 1543810584?
8
What is the units digit of 224495246?
6
What is the billions digit of 1379548171?
1
What is the millions digit of 11605038?
1
What is the ten thousands digit of 85079119?
7
What is the hundreds digit of 815317354?
3
What is the tens digit of 3479593105?
0
What is the millions digit of 98300925?
8
What is the thousands digit of 59754954?
4
What is the hundred thousands digit of 30119039?
1
What is the thousands digit of 110974277?
4
What is the millions digit of 2704038755?
4
What is the hundreds digit of 111467422?
4
What is the ten millions digit of 606833145?
0
What is the millions digit of 944374807?
4
What is the hundreds digit of 7391659008?
0
What is the thousands digit of 806799308?
9
What is the thousands digit of 18463515?
3
What is the hundred millions digit of 4328206727?
3
What is the tens digit of 3083105543?
4
What is the tens digit of 162926958?
5
What is the hundreds digit of 24392150?
1
What is the ten thousands digit of 286892092?
9
What is the tens digit of 24560413?
1
What is the millions digit of 402548894?
2
What is the hundred millions digit of 465652329?
4
What is the hundreds digit of 1158659618?
6
What is the millions digit of 584498542?
4
What is the hundred thousands digit of 6341768266?
7
What is the thousands digit of 1880646705?
6
What is the units digit of 120667420?
0
What is the tens digit of 6644252660?
6
What is the ten millions digit of 1115806541?
1
What is the tens digit of 439820438?
3
What is the tens digit of 847335448?
4
What is the ten millions digit of 112076825?
1
What is the thousands digit of 338073362?
3
What is the units digit of 1553085262?
2
What is the units digit of 26799895?
5
What is the hundreds digit of 56559556?
5
What is the tens digit of 1559354075?
7
What is the tens digit of 1740367052?
5
What is the millions digit of 2282620294?
2
What is the millions digit of 118349581?
8
What is the units digit of 294529440?
0
What is the hundreds digit of 1087344472?
4
What is the ten thousands digit of 565486241?
8
What is the ten millions digit of 146541425?
4
What is the ten millions digit of 31252502?
3
What is the tens digit of 49593808?
0
What is the hundred thousands digit of 152113382?
1
What is the ten thousands digit of 297976750?
7
What is the units digit of 1087877845?
5
What is the tens digit of 30346473?
7
What is the hundreds digit of 98209187?
1
What is the millions digit of 65510870?
5
What is the units digit of 1012701232?
2
What is the ten thousands digit of 25472976?
7
What is the ten thousands digit of 198723947?
2
What is the billions digit of 6938601340?
6
What is the units digit of 40423026?
6
What is the units digit of 707006521?
1
What is the thousands digit of 33624029?
4
What is the hundreds digit of 23239181?
1
What is the hundreds digit of 30057697?
6
What is the ten millions digit of 1553692033?
5
What is the hundreds digit of 9164693?
6
What is the hundred thousands digit of 1044791560?
7
What is the ten thousands digit of 5187426?
8
What is the tens digit of 16468421?
2
What is the ten thousands digit of 944876570?
7
What is the tens digit of 359257224?
2
What is the ten thousands digit of 506306802?
0
What is the millions digit of 797783493?
7
What is the hundreds digit of 2781216955?
9
What is the millions digit of 1236933953?
6
What is the millions digit of 716226406?
6
What is the tens digit of 1020821296?
9
What is the tens digit of 200047485?
8
What is the millions digit of 1447742538?
7
What is the tens digit of 54659671?
7
What is the ten thousands digit of 13350034?
5
What is the units digit of 12247791?
1
What is the hundreds digit of 537032436?
4
What is the ten thousands digit of 264163950?
6
What is the hundreds digit of 16054754?
7
What is the tens digit of 1032153517?
1
What is the units digit of 1671006154?
4
What is the thousands digit of 7996207935?
7
What is the hundred millions digit of 162579008?
1
What is the thousands digit of 2515864613?
4
What is the hundreds digit of 34837250?
2
What is the units digit of 45272479?
9
What is the units digit of 18586331?
1
What is the hundred millions digit of 240864017?
2
What is the units digit of 2084737058?
8
What is the hundred thousands digit of 70953865?
9
What is the tens digit of 411529582?
8
What is the hundred millions digit of 2089325821?
0
What is the hundred millions digit of 378455951?
3
What is the hundred millions digit of 186296842?
1
What is the hundreds digit of 1626587211?
2
What is the hundred millions digit of 2168601316?
1
What is the tens digit of 104407005?
0
What is the millions digit of 24613181?
4
What is the hundred thousands digit of 2555218?
5
What is the hundred thousands digit of 672667693?
6
What is the hundred thousands digit of 643376905?
3
What is the hundred thousands digit of 1725172195?
1
What is the hundred millions digit of 2399826954?
3
What is the tens digit of 10094779?
7
What is the units digit of 628972716?
6
What is the hundreds digit of 2200367452?
4
What is the tens digit of 2104225244?
4
What is the units digit of 2398664?
4
What is the units digit of 1493084133?
3
What is the thousands digit of 92069399?
9
What is the hundreds digit of 915156651?
6
What is the hundred thousands digit of 7852526496?
5
What is the tens digit of 69904255?
5
What is the units digit of 43943268?
8
What is the hundred millions digit of 248669766?
2
What is the thousands digit of 972890027?
0
What is the units digit of 7949644?
4
What is the hundred thousands digit of 63469272?
4
What is the hundreds digit of 95757191?
1
What is the hundred thousands digit of 2410258210?
2
What is the tens digit of 70422688?
8
What is the hundreds digit of 8053287521?
5
What is the ten millions digit of 199774407?
9
What is the millions digit of 1780297211?
0
What is the hundred millions digit of 214542449?
2
What is the ten thousands digit of 228844611?
4
What is the hundreds digit of 536716509?
5
What is the units digit of 511460194?
4
What is the thousands digit of 11094593?
4
What is the hundred millions digit of 3872489206?
8
What is the units digit of 7468448268?
8
What is the ten thousands digit of 14997826?
9
What is the hundred thousands digit of 915194860?
1
What is the tens digit of 814606004?
0
What is the thousands digit of 2958542414?
2
What is the hundred thousands digit of 106789408?
7
What is the millions digit of 25433355?
5
What is the thousands digit of 4822910552?
0
What is the hundred millions digit of 966838843?
9
What is the ten thousands digit of 19335592?
3
What is the hundred thousands digit of 40476200?
4
What is the hundreds digit of 650491563?
5
What is the tens digit of 18758945?
4
What is the ten millions digit of 1443769329?
4
What is the thousands digit of 126126409?
6
What is the thousands digit of 8153849?
3
What is the ten millions digit of 1441559434?
4
What is the hundreds digit of 34071918?
9
What is the billions digit of 1998922858?
1
What is the units digit of 62520415?
5
What is the ten millions digit of 81750118?
8
What is the ten millions digit of 1145906488?
4
What is the units digit of 2963367?
7
What is the hundred millions digit of 459405936?
4
What is the hundreds digit of 174270932?
9
What is the hundred millions digit of 427557712?
4
What is the ten millions digit of 488427888?
8
What is the thousands digit of 6049493?
9
What is the ten millions digit of 407133829?
0
What is the thousands digit of 995807382?
7
What is the hundred millions digit of 1111979467?
1
What is the ten thousands digit of 18431109?
3
What is the units digit of 1156433329?
9
What is the ten millions digit of 96601663?
9
What is the hundred thousands digit of 698401438?
4
What is the ten millions digit of 294934156?
9
What is the thousands digit of 35793542?
3
What is the billions digit of 3412255170?
3
What is the millions digit of 138736073?
8
What is the hundreds digit of 725612379?
3
What is the thousands digit of 977763544?
3
What is the millions digit of 146922796?
6
What is the tens digit of 1697362233?
3
What is 